the remainder when 51 is divided by 21?
9
Calculate the remainder when 28 is divided by 3.
1
Calculate the remainder when 790 is divided by 153.
25
What is the remainder when 248 is divided by 68?
44
Calculate the remainder when 351 is divided by 44.
43
What is the remainder when 28489 is divided by 77?
76
What is the remainder when 748 is divided by 58?
52
What is the remainder when 1503 is divided by 25?
3
Calculate the remainder when 171 is divided by 43.
42
What is the remainder when 362 is divided by 25?
12
What is the remainder when 9809 is divided by 9?
8
Calculate the remainder when 897 is divided by 10.
7
Calculate the remainder when 549 is divided by 17.
5
Calculate the remainder when 2923 is divided by 154.
151
What is the remainder when 197 is divided by 50?
47
What is the remainder when 130 is divided by 38?
16
Calculate the remainder when 837 is divided by 226.
159
What is the remainder when 74 is divided by 54?
20
Calculate the remainder when 17 is divided by 10.
7
Calculate the remainder when 522 is divided by 5.
2
What is the remainder when 50 is divided by 11?
6
What is the remainder when 373 is divided by 1?
0
What is the remainder when 256 is divided by 86?
84
What is the remainder when 136 is divided by 59?
18
Calculate the remainder when 193 is divided by 36.
13
Calculate the remainder when 101 is divided by 13.
10
Calculate the remainder when 561 is divided by 5.
1
Calculate the remainder when 281 is divided by 71.
68
What is the remainder when 2675 is divided by 64?
51
Calculate the remainder when 198 is divided by 78.
42
What is the remainder when 5 is divided by 4?
1
Calculate the remainder when 624 is divided by 197.
33
What is the remainder when 29 is divided by 13?
3
What is the remainder when 3370 is divided by 31?
22
What is the remainder when 1627 is divided by 11?
10
Calculate the remainder when 80 is divided by 6.
2
What is the remainder when 2792 is divided by 282?
254
Calculate the remainder when 2392 is divided by 199.
4
Calculate the remainder when 129 is divided by 31.
5
Calculate the remainder when 932 is divided by 156.
152
What is the remainder when 3957 is divided by 24?
21
Calculate the remainder when 2357 is divided by 59.
56
What is the remainder when 135 is divided by 29?
19
What is the remainder when 197 is divided by 50?
47
Calculate the remainder when 150 is divided by 19.
17
What is the remainder when 288 is divided by 10?
8
Calculate the remainder when 1337 is divided by 67.
64
Calculate the remainder when 350 is divided by 11.
9
What is the remainder when 351 is divided by 22?
21
What is the remainder when 68 is divided by 21?
5
What is the remainder when 1006 is divided by 112?
110
What is the remainder when 1127 is divided by 144?
119
Calculate the remainder when 616 is divided by 204.
4
Calculate the remainder when 312 is divided by 15.
12
Calculate the remainder when 1690 is divided by 9.
7
What is the remainder when 1149 is divided by 35?
29
What is the remainder when 287 is divided by 8?
7
What is the remainder when 1337 is divided by 20?
17
Calculate the remainder when 17786 is divided by 15.
11
Calculate the remainder when 147 is divided by 64.
19
What is the remainder when 1763 is divided by 14?
13
Calculate the remainder when 45 is divided by 10.
5
What is the remainder when 588 is divided by 118?
116
Calculate the remainder when 560 is divided by 107.
25
Calculate the remainder when 119 is divided by 4.
3
What is the remainder when 3138 is divided by 43?
42
What is the remainder when 181 is divided by 53?
22
What is the remainder when 452 is divided by 38?
34
Calculate the remainder when 1297 is divided by 59.
58
What is the remainder when 111 is divided by 40?
31
What is the remainder when 220 is divided by 22?
0
Calculate the remainder when 1663 is divided by 553.
4
Calculate the remainder when 58 is divided by 29.
0
What is the remainder when 102 is divided by 3?
0
Calculate the remainder when 2263 is divided by 752.
7
Calculate the remainder when 35 is divided by 13.
9
Calculate the remainder when 198 is divided by 63.
9
Calculate the remainder when 250 is divided by 84.
82
Calculate the remainder when 408 is divided by 179.
50
What is the remainder when 984 is divided by 87?
27
Calculate the remainder when 1189 is divided by 389.
22
What is the remainder when 20 is divided by 15?
5
Calculate the remainder when 1012 is divided by 155.
82
What is the remainder when 74 is divided by 26?
22
Calculate the remainder when 122 is divided by 58.
6
Calculate the remainder when 420 is divided by 138.
6
What is the remainder when 228 is divided by 15?
3
Calculate the remainder when 4831 is divided by 151.
150
Calculate the remainder when 286 is divided by 276.
10
What is the remainder when 2374 is divided by 99?
97
What is the remainder when 1780 is divided by 148?
4
What is the remainder when 29 is divided by 15?
14
Calculate the remainder when 119 is divided by 36.
11
What is the remainder when 1532 is divided by 508?
8
What is the remainder when 4781 is divided by 104?
101
What is the remainder when 914 is divided by 61?
60
What is the remainder when 9076 is divided by 51?
49
What is the remainder when 1378 is divided by 69?
67
What is the remainder when 2144 is divided by 155?
129
Calculate the remainder when 201 is divided by 91.
19
Calculate the remainder when 374 is divided by 46.
6
Calculate the remainder when 175 is divided by 118.
57
What is the remainder when 1251 is divided by 38?
35
Calculate the remainder when 65 is divided by 27.
11
What is the remainder when 1051 is divided by 76?
63
What is the remainder when 1415 is divided by 47?
5
What is the remainder when 130 is divided by 84?
46
What is the remainder when 549 is divided by 43?
33
What is the remainder when 716 is divided by 56?
44
What is the remainder when 12407 is divided by 282?
281
What is the remainder when 265 is divided by 71?
52
Calculate the remainder when 34 is divided by 24.
10
What is the remainder when 450 is divided by 41?
40
Calculate the remainder when 136 is divided by 10.
6
What is the remainder when 11384 is divided by 39?
35
What is the remainder when 93 is divided by 49?
44
Calculate the remainder when 299 is divided by 99.
2
What is the remainder when 581 is divided by 326?
255
What is the remainder when 2077 is divided by 209?
196
Calculate the remainder when 10456 is divided by 19.
6
Calculate the remainder when 204 is divided by 28.
8
Calculate the remainder when 1481 is divided by 187.
172
Calculate the remainder when 503 is divided by 80.
23
What is the remainder when 3175 is divided by 15?
10
Calculate the remainder when 169 is divided by 59.
51
What is the remainder when 3818 is divided by 27?
11
What is the remainder when 72941 is divided by 194?
191
Calculate the remainder when 773 is divided by 10.
3
What is the remainder when 1689 is divided by 561?
6
Calculate the remainder when 984 is divided by 32.
24
What is the remainder when 278 is divided by 58?
46
Calculate the remainder when 799 is divided by 13.
6
What is the remainder when 3059 is divided by 26?
17
What is the remainder when 349 is divided by 90?
79
What is the remainder when 713 is divided by 17?
16
Calculate the remainder when 26086 is divided by 10.
6
Calculate the remainder when 79 is divided by 12.
7
Calculate the remainder when 15491 is divided by 369.
362
Calculate the remainder when 411 is divided by 408.
3
What is the remainder when 301 is divided by 45?
31
Calculate the remainder when 730 is divided by 187.
169
Calculate the remainder when 1679 is divided by 168.
167
What is the remainder when 663 is divided by 94?
5
Calculate the remainder when 1834 is divided by 913.
8
What is the remainder when 992 is divided by 110?
2
Calculate the remainder when 562 is divided by 47.
45
Calculate the remainder when 254 is divided by 8.
6
What is the remainder when 2424 is divided by 606?
0
Calculate the remainder when 6977 is divided by 97.
90
What is the remainder when 769 is divided by 25?
19
Calculate the remainder when 4103 is divided by 26.
21
What is the remainder when 684 is divided by 185?
129
What is the remainder when 385 is divided by 81?
61
Calculate the remainder when 123 is divided by 60.
3
Calculate the 